alculate the highest common factor of 11429 and 11.
11
Calculate the highest common divisor of 1776 and 256.
16
Calculate the greatest common divisor of 5 and 111.
1
What is the highest common divisor of 200 and 16?
8
Calculate the greatest common divisor of 2806 and 244.
122
Calculate the greatest common divisor of 36 and 90.
18
Calculate the highest common factor of 46 and 8.
2
What is the greatest common factor of 36 and 84?
12
Calculate the highest common factor of 15 and 1635.
15
What is the greatest common factor of 6743 and 22?
11
Calculate the greatest common divisor of 30 and 690.
30
Calculate the highest common divisor of 44 and 1628.
44
What is the greatest common divisor of 30 and 54?
6
What is the greatest common divisor of 578 and 3349?
17
Calculate the highest common factor of 39 and 663.
39
What is the greatest common factor of 1295 and 35?
35
What is the greatest common divisor of 44 and 8?
4
Calculate the highest common factor of 1542 and 6.
6
What is the highest common factor of 301 and 742?
7
Calculate the highest common divisor of 20 and 8.
4
Calculate the highest common factor of 52584 and 14.
14
Calculate the highest common divisor of 1292 and 114.
38
What is the greatest common divisor of 360 and 8520?
120
Calculate the greatest common divisor of 15 and 375.
15
Calculate the highest common divisor of 5994 and 111.
111
Calculate the greatest common divisor of 4448 and 1.
1
Calculate the highest common factor of 84 and 651.
21
Calculate the greatest common divisor of 75 and 1875.
75
Calculate the greatest common divisor of 2270 and 60.
10
What is the greatest common divisor of 3205 and 5?
5
What is the greatest common factor of 11 and 341?
11
Calculate the greatest common factor of 7379 and 235.
47
What is the highest common factor of 18860 and 184?
92
What is the greatest common factor of 18 and 30?
6
Calculate the greatest common divisor of 30 and 246.
6
What is the greatest common factor of 852 and 12?
12
Calculate the highest common factor of 55 and 66.
11
What is the highest common factor of 513 and 54?
27
What is the greatest common divisor of 180 and 200?
20
What is the highest common factor of 330 and 5790?
30
What is the greatest common divisor of 1317 and 39?
3
What is the highest common factor of 203 and 377?
29
Calculate the greatest common factor of 138 and 46.
46
What is the greatest common factor of 296 and 74?
74
Calculate the greatest common divisor of 6 and 858.
6
What is the highest common factor of 3551 and 1431?
53
What is the greatest common divisor of 13 and 598?
13
Calculate the greatest common factor of 5129 and 46.
23
What is the greatest common factor of 123 and 5207?
41
What is the greatest common divisor of 96 and 948?
12
Calculate the greatest common divisor of 33 and 69.
3
Calculate the highest common factor of 1495 and 26.
13
What is the greatest common factor of 1524 and 12?
12
What is the greatest common divisor of 997 and 2?
1
What is the greatest common divisor of 721 and 35?
7
What is the greatest common divisor of 56 and 406?
14
Calculate the highest common divisor of 1349 and 142.
71
Calculate the greatest common factor of 335 and 804.
67
What is the highest common factor of 224 and 104?
8
Calculate the greatest common divisor of 465 and 3441.
93
Calculate the highest common divisor of 35 and 1652.
7
Calculate the highest common divisor of 153 and 63.
9
Calculate the highest common factor of 786 and 30.
6
Calculate the highest common factor of 1679 and 219.
73
What is the highest common factor of 4 and 46?
2
What is the highest common divisor of 22 and 322?
2
Calculate the greatest common factor of 27 and 261.
9
What is the highest common divisor of 32 and 9296?
16
What is the greatest common divisor of 36 and 60?
12
Calculate the greatest common divisor of 936 and 13.
13
What is the greatest common factor of 3696 and 693?
231
What is the greatest common factor of 23 and 1288?
23
Calculate the greatest common factor of 175 and 455.
35
What is the greatest common divisor of 1891 and 31?
31
What is the greatest common divisor of 242 and 22?
22
Calculate the greatest common divisor of 364 and 52.
52
What is the highest common divisor of 10 and 5660?
10
What is the greatest common divisor of 63 and 49?
7
What is the greatest common factor of 9801 and 81?
81
What is the highest common divisor of 4011 and 21?
21
What is the highest common factor of 144 and 54?
18
Calculate the highest common divisor of 134 and 5.
1
Calculate the greatest common divisor of 882 and 171.
9
What is the highest common factor of 112 and 1344?
112
What is the greatest common factor of 6873 and 348?
87
Calculate the highest common factor of 4221 and 189.
63
Calculate the greatest common divisor of 5152 and 448.
224
What is the greatest common factor of 176 and 253?
11
Calculate the highest common divisor of 63 and 973.
7
Calculate the greatest common factor of 28 and 518.
14
What is the highest common factor of 35 and 1855?
35
Calculate the highest common divisor of 114 and 950.
38
Calculate the greatest common factor of 6 and 5646.
6
Calculate the highest common divisor of 7116 and 156.
12
What is the greatest common factor of 21 and 427?
7
What is the highest common divisor of 171 and 114?
57
Calculate the highest common factor of 1027 and 26.
13
What is the greatest common divisor of 53 and 4?
1
What is the greatest common divisor of 30 and 15?
15
Calculate the greatest common divisor of 18 and 3546.
18
What is the highest common divisor of 87 and 377?
29
What is the greatest common divisor of 2497 and 33?
11
What is the highest common divisor of 2173 and 212?
53
What is the greatest common divisor of 132 and 440?
44
What is the greatest common factor of 2043 and 454?
227
Calculate the greatest common factor of 432 and 24.
24
What is the greatest common divisor of 62 and 2046?
62
What is the greatest common divisor of 318 and 424?
106
What is the greatest common factor of 17 and 3383?
17
What is the greatest common factor of 15 and 175?
5
What is the highest common divisor of 15598 and 88?
22
What is the greatest common divisor of 17 and 10098?
17
Calculate the greatest common factor of 17 and 5678.
17
What is the greatest common factor of 570 and 228?
114
What is the highest common divisor of 8188 and 46?
46
What is the highest common factor of 225 and 720?
45
What is the highest common divisor of 4191 and 33?
33
What is the greatest common factor of 328 and 41?
41
Calculate the highest common factor of 351 and 143.
13
Calculate the highest common factor of 1170 and 182.
26
Calculate the highest common factor of 73 and 438.
73
Calculate the greatest common factor of 176 and 88.
88
Calculate the highest common divisor of 4480 and 1008.
112
Calculate the highest common factor of 13464 and 272.
136
Calculate the greatest common factor of 304 and 38.
38
What is the greatest common divisor of 750 and 1250?
250
What is the greatest common factor of 18373 and 19?
19
Calculate the highest common factor of 188 and 940.
188
What is the highest common divisor of 580 and 406?
58
What is the highest common factor of 104 and 364?
52
What is the highest common divisor of 99 and 2651?
11
What is the highest common factor of 36 and 1152?
36
Calculate the greatest common divisor of 150 and 15350.
50
Calculate the greatest common divisor of 29634 and 66.
66
Calculate the greatest common divisor of 42 and 2541.
21
What is the greatest common divisor of 5054 and 14?
14
Calculate the highest common factor of 12 and 672.
12
What is the greatest common divisor of 320 and 1840?
80
What is the highest common factor of 3663 and 555?
111
What is the greatest common divisor of 5508 and 102?
102
What is the highest common divisor of 28 and 70?
14
Calculate the highest common factor of 368 and 32.
16
What is the highest common factor of 1815 and 330?
165
What is the greatest common divisor of 154 and 28?
14
What is the greatest common factor of 8 and 856?
8
What is the greatest common factor of 24 and 96?
24
What is the highest common factor of 400 and 48?
16
Calculate the highest common factor of 2537 and 43.
43
Calculate the greatest common divisor of 5811 and 447.
447
Calculate the highest common factor of 35772 and 132.
132
Calcula